units digit of 66853030?
0
What is the units digit of 917800993?
3
What is the hundred thousands digit of 1070124279?
1
What is the hundred thousands digit of 798376305?
3
What is the hundreds digit of 12875153?
1
What is the hundreds digit of 18521179?
1
What is the thousands digit of 2468855013?
5
What is the millions digit of 332605701?
2
What is the tens digit of 567038621?
2
What is the hundred thousands digit of 17488840?
4
What is the millions digit of 28920338?
8
What is the tens digit of 7822413?
1
What is the hundred thousands digit of 194048280?
0
What is the units digit of 824424180?
0
What is the units digit of 25193958?
8
What is the thousands digit of 44039751?
9
What is the thousands digit of 670608250?
8
What is the units digit of 15301055?
5
What is the ten millions digit of 26378980?
2
What is the millions digit of 6822929?
6
What is the tens digit of 356091505?
0
What is the ten thousands digit of 198986171?
8
What is the ten thousands digit of 59379531?
7
What is the thousands digit of 627051422?
1
What is the billions digit of 7550787820?
7
What is the thousands digit of 692624940?
4
What is the ten millions digit of 22760620?
2
What is the hundred thousands digit of 883485043?
4
What is the thousands digit of 2198044203?
4
What is the hundreds digit of 22569512?
5
What is the units digit of 638132648?
8
What is the tens digit of 24022193?
9
What is the tens digit of 198305701?
0
What is the units digit of 123612150?
0
What is the hundred millions digit of 2749981985?
7
What is the units digit of 979014150?
0
What is the thousands digit of 412916999?
6
What is the tens digit of 42103598?
9
What is the thousands digit of 2252101825?
1
What is the ten millions digit of 55783258?
5
What is the hundred thousands digit of 116413244?
4
What is the units digit of 5116428657?
7
What is the hundred thousands digit of 6552836209?
8
What is the units digit of 13478878?
8
What is the thousands digit of 10446252?
6
What is the ten thousands digit of 726793540?
9
What is the ten thousands digit of 6148410507?
1
What is the units digit of 35133725?
5
What is the millions digit of 929764942?
9
What is the ten millions digit of 778089865?
7
What is the hundreds digit of 202156067?
0
What is the thousands digit of 15713453?
3
What is the ten thousands digit of 4944104547?
0
What is the tens digit of 368088258?
5
What is the units digit of 9449052?
2
What is the tens digit of 287578162?
6
What is the ten millions digit of 717511069?
1
What is the millions digit of 286927670?
6
What is the millions digit of 1470572159?
0
What is the units digit of 1931668249?
9
What is the ten millions digit of 83154904?
8
What is the hundred thousands digit of 2217577175?
5
What is the hundred millions digit of 531887728?
5
What is the ten thousands digit of 262978205?
7
What is the tens digit of 88694425?
2
What is the ten thousands digit of 86876206?
7
What is the millions digit of 5422905175?
2
What is the thousands digit of 551314413?
4
What is the ten thousands digit of 86107201?
0
What is the billions digit of 6017376132?
6
What is the hundreds digit of 108706325?
3
What is the ten millions digit of 2176229333?
7
What is the hundred thousands digit of 60391263?
3
What is the ten thousands digit of 736077073?
7
What is the hundreds digit of 1050743511?
5
What is the tens digit of 2964368393?
9
What is the ten millions digit of 2509617122?
0
What is the hundred millions digit of 170103212?
1
What is the hundred thousands digit of 359543045?
5
What is the millions digit of 831886529?
1
What is the tens digit of 99918270?
7
What is the thousands digit of 796120621?
0
What is the hundred thousands digit of 2611193033?
1
What is the ten millions digit of 234409039?
3
What is the hundred thousands digit of 30116220?
1
What is the tens digit of 28367596?
9
What is the units digit of 78554861?
1
What is the hundred millions digit of 612366215?
6
What is the ten millions digit of 36385068?
3
What is the tens digit of 8367804?
0
What is the tens digit of 1005141607?
0
What is the hundred thousands digit of 61433025?
4
What is the tens digit of 1243390719?
1
What is the millions digit of 2563510799?
3
What is the billions digit of 4785181500?
4
What is the units digit of 39216223?
3
What is the billions digit of 1163831181?
1
What is the hundred millions digit of 297925974?
2
What is the tens digit of 1844596030?
3
What is the millions digit of 939389307?
9
What is the hundreds digit of 489596560?
5
What is the thousands digit of 229262790?
2
What is the ten thousands digit of 806555441?
5
What is the hundreds digit of 119461669?
6
What is the hundred thousands digit of 997634623?
6
What is the hundred millions digit of 1225787190?
2
What is the tens digit of 1106256863?
6
What is the units digit of 43128518?
8
What is the millions digit of 2873388895?
3
What is the billions digit of 1113037275?
1
What is the thousands digit of 2034509411?
9
What is the tens digit of 87674365?
6
What is the hundred thousands digit of 154130858?
1
What is the millions digit of 683300555?
3
What is the ten thousands digit of 168433424?
3
What is the hundred thousands digit of 98243644?
2
What is the ten millions digit of 627597761?
2
What is the ten thousands digit of 3034554212?
5
What is the ten millions digit of 7415583698?
1
What is the hundred millions digit of 257436579?
2
What is the millions digit of 1261101693?
1
What is the millions digit of 340313176?
0
What is the ten thousands digit of 119196559?
9
What is the tens digit of 261414756?
5
What is the millions digit of 17568756?
7
What is the units digit of 414008736?
6
What is the ten millions digit of 5844367127?
4
What is the hundreds digit of 418559006?
0
What is the thousands digit of 3738754009?
4
What is the thousands digit of 358806074?
6
What is the ten thousands digit of 3749367902?
6
What is the millions digit of 100103704?
0
What is the units digit of 21780914?
4
What is the hundred millions digit of 254205254?
2
What is the hundred thousands digit of 38931557?
9
What is the hundreds digit of 33471689?
6
What is the ten thousands digit of 803749115?
4
What is the ten millions digit of 776974698?
7
What is the hundred thousands digit of 4801771958?
7
What is the tens digit of 1897204847?
4
What is the thousands digit of 716971078?
1
What is the thousands digit of 156927728?
7
What is the hundred thousands digit of 2373931185?
9
What is the hundred thousands digit of 2468000481?
0
What is the millions digit of 8257522?
8
What is the thousands digit of 538235170?
5
What is the ten thousands digit of 6505860663?
6
What is the ten millions digit of 537942444?
3
What is the units digit of 70317772?
2
What is the millions digit of 467735112?
7
What is the hundred millions digit of 2222515327?
2
What is the ten thousands digit of 6007505?
0
What is the thousands digit of 14477920?
7
What is the millions digit of 76657565?
6
What is the hundreds digit of 86627989?
9
What is the millions digit of 55399940?
5
What is the hundred thousands digit of 2696367439?
3
What is the ten thousands digit of 4386376?
8
What is the hundred thousands digit of 72420773?
4
What is the hundreds digit of 72304068?
0
What is the ten thousands digit of 415280456?
8
What is the hundred millions digit of 337757180?
3
What is the hundred thousands digit of 1282451429?
4
What is the tens digit of 1543182111?
1
What is the thousands digit of 143889267?
9
What is the ten thousands digit of 70364294?
6
What is the hundreds digit of 89677161?
1
What is the ten thousands digit of 38729200?
2
What is the hundred thousands digit of 25708055?
7
What is the units digit of 82979033?
3
What is the thousands digit of 52209971?
9
What is the hundreds digit of 1645975422?
4
What is the hundreds digit of 400274282?
2
What is the ten millions digit of 108220232?
0
What is the hundred thousands digit of 1987293014?
2
What is the hundred millions digit of 1208598149?
2
What is the hundreds digit of 55170533?
5
What is the ten millions digit of 116258389?
1
What is the ten millions digit of 273693068?
7
What is the thousands digit of 42780809?
0
What is the tens digit of 1372590749?
4
What is the millions digit of 69415847?
9
What is the millions digit of 685